{"id":5485,"date":"2023-09-26T14:10:19","date_gmt":"2023-09-26T14:10:19","guid":{"rendered":"http:\/\/contables.unp.edu.py\/?page_id=5485"},"modified":"2026-03-19T23:48:27","modified_gmt":"2026-03-20T03:48:27","slug":"resoluciones","status":"publish","type":"page","link":"https:\/\/contables.unp.edu.py\/?page_id=5485","title":{"rendered":"Resoluciones"},"content":{"rendered":"\n<figure class=\"wp-block-table is-style-stripes\"><table><tbody><tr><td><\/td><td><\/td><\/tr><tr><td>Calendario Acad\u00e9mico 2025 por Resoluci\u00f3n 332\/2024<br>Por la cual se aprueba el calendario acad\u00e9mico, per\u00edodo<br>acad\u00e9mico 2025, en la Facultad de Ciencias Contables,<br>Administrativas y Econ\u00f3micas de la Universidad Nacional de Pilar.<\/td><td><a href=\"https:\/\/contables.unp.edu.py\/wp-content\/uploads\/2025\/02\/Res.-332-Calendario-Academico-2025.pdf\">Descargar Aqui<\/a><\/td><\/tr><tr><td><\/td><td><\/td><\/tr><tr><td>RESOLUCI\u00d3N N\u00ba 133\/2024<br>Por&nbsp; la&nbsp; cual&nbsp; se&nbsp; establecen aranceles acad\u00e9micos adicionales <br>para ela\u00f1o acad\u00e9mico 2024 en la Facultad de Ciencias Contables, <br>Administrativas y&nbsp; Econ\u00f3micas&nbsp; de&nbsp; la&nbsp; Universidad&nbsp; Nacional&nbsp; de<br>Pilar.<\/td><td><a href=\"http:\/\/contables.unp.edu.py\/wp-content\/uploads\/2024\/06\/133-Resolucion-de-Arancel-Adicionales-2024-1.pdf\">Descargar <\/a><br> <a href=\"http:\/\/contables.unp.edu.py\/wp-content\/uploads\/2024\/06\/133-Resolucion-de-Arancel-Adicionales-2024-1.pdf\">Aqui<\/a><\/td><\/tr><tr><td><\/td><td><\/td><\/tr><tr><td>Resoluci\u00f3n N\u00b0 195\/2023 Plan de Desarrollo Institucional de la FCCAyE DE LA U.N.P.<\/td><td><a href=\"https:\/\/contables.unp.edu.py\/wp-content\/uploads\/2023\/10\/Plan-de-Desarrollo-Institucional-FCCAyE-2023-2027-con-Res.-Laura-Ozuna.pdf\">Descargar<br>Aqui<\/a><\/td><\/tr><tr><td><\/td><td><\/td><\/tr><tr><td>Resoluci\u00f3n N\u00b0 01\/2023 &#8211; \u00abPROTOCOLO LILA\u201d<\/td><td><a href=\"http:\/\/contables.unp.edu.py\/wp-content\/uploads\/2023\/09\/RESO-01-2023-1.pdf\">Descargar aqu\u00ed<\/a><\/td><\/tr><tr><td><\/td><td><\/td><\/tr><tr><td>RESOLUCION N\u00ba 03\/2019<br>Por la cual se aprueba el reglamento para optar<br>al t\u00edtulo de grado GRADO UNIVERSIDAD NACIONAL DE PILAR<\/td><td><a href=\"http:\/\/contables.unp.edu.py\/wp-content\/uploads\/2023\/11\/Res-03-2019-CSU-UNP-Reglamento-TG.pdf\">Descargar<br>Aqui<\/a><\/td><\/tr><tr><td><\/td><td><\/td><\/tr><tr><td>RESOLUCI\u00d3N N\u00b0 426\/2016<br>Por la cual se aprueban ajustes efectuados al reglamento de trabajo<br>de grado y a las l\u00edneas de investigaci\u00f3n, proyectos y extensi\u00f3n de la<br>FACULTAD DE CIENCIAS CONTABLES, <br>ADMINISTRATIVAS Y ECON\u00d3MICAS DE LA UNP.<\/td><td><a href=\"http:\/\/contables.unp.edu.py\/wp-content\/uploads\/2023\/11\/RESOLUCION-426-POR-LA-QUE-SE-APRUEBA-AJUSTES-EFECTUADOS-AL-REGLAMENTO-DE-TRABAJO-DE-GRADO.pdf\">Descargar<br>Aqui<\/a><\/td><\/tr><tr><td><\/td><td><\/td><\/tr><tr><td>Resoluci\u00f3n 01\/2019 &#8211; Modificaci\u00f3n del Estatuto de la U.N.P.<\/td><td><a href=\"http:\/\/contables.unp.edu.py\/wp-content\/uploads\/2019\/10\/ESTATUTO-RES-01-2019.pdf\">Descargar aqu\u00ed<\/a><\/td><\/tr><tr><td><\/td><td><\/td><\/tr><tr><td>Resoluci\u00f3n N\u00ba54\/2017 &#8211; Planes Curriculares de Transici\u00f3n<\/td><td><a href=\"http:\/\/contables.unp.edu.py\/wp-content\/uploads\/2017\/07\/Resolucion-N%C2%BA54-2017-Plan-Curricular.pdf\">Descargar aqu\u00ed<\/a><\/td><\/tr><tr><td><\/td><td><\/td><\/tr><tr><td>Resoluci\u00f3n N\u00ba53\/2017 &#8211; Trabajo de Grado<\/td><td><a href=\"http:\/\/contables.unp.edu.py\/wp-content\/uploads\/2017\/07\/Resolucion-N%C2%BA53-2017-Trab.de-Grado.pdf\">Descargar aqu\u00ed<\/a><\/td><\/tr><tr><td><\/td><td><\/td><\/tr><tr><td>Resoluci\u00f3n N\u00ba 48\/2017 &#8211; Ayudant\u00eda<\/td><td><a href=\"http:\/\/contables.unp.edu.py\/wp-content\/uploads\/2017\/07\/Resolucion-N%C2%BA48-2017-Ayudant%C3%ADa.pdf\">Descargar aqu\u00ed<\/a><\/td><\/tr><tr><td><\/td><td><\/td><\/tr><tr><td>Resoluci\u00f3n N\u00ba 22\/2017 (Bis) &#8211; Plan de Desarrollo<\/td><td><a href=\"http:\/\/contables.unp.edu.py\/wp-content\/uploads\/2017\/07\/Resolucion-N%C2%BA22-2017-Bis-Plan-de-Desarrollo.pdf\">Descargar aqu\u00ed<\/a><\/td><\/tr><tr><td><\/td><td><\/td><\/tr><tr><td>Resolucion N\u00ba 22\/2017 &#8211; Plan de Desarrollo Contadur\u00eda P\u00fablica Nacional<\/td><td><a href=\"http:\/\/contables.unp.edu.py\/wp-content\/uploads\/2017\/07\/Resolucion-N%C2%BA22-2017-Plan-de-Desarrolo-Contaduria.pdf\">Descargar aqu\u00ed<\/a><\/td><\/tr><tr><td><\/td><td><\/td><\/tr><tr><td>Resoluci\u00f3n N\u00ba 507\/2016 &#8211; Plan de Desarrollo Institucional<\/td><td><a href=\"http:\/\/contables.unp.edu.py\/wp-content\/uploads\/2017\/07\/Resolucion-N%C2%BA507-2016-Plan-de-Des.-Inst..pdf\">Descargar aqu\u00ed<\/a><\/td><\/tr><tr><td><\/td><td><\/td><\/tr><tr><td>Resoluci\u00f3n N\u00ba 227\/2016 &#8211; Conformaci\u00f3n Equipo de Gesti\u00f3n Institucional<\/td><td><a href=\"http:\/\/contables.unp.edu.py\/wp-content\/uploads\/2016\/06\/Resolucion-N%C2%BA-227-2016.pdf\">Descargar aqu\u00ed<\/a><\/td><\/tr><tr><td><\/td><td><\/td><\/tr><tr><td>Resoluci\u00f3n N\u00ba 01\/2016 &#8211; Inscripci\u00f3n Registro C\u00edvico Electoral Permanente.<\/td><td><a href=\"http:\/\/contables.unp.edu.py\/wp-content\/uploads\/2016\/06\/Resolucion-N%C2%BA-01-2016.pdf\">Descargar aqu\u00ed<\/a><\/td><\/tr><\/tbody><\/table><\/figure>\n\n\n\n<p><\/p>\n","protected":false},"excerpt":{"rendered":"<p>Calendario Acad\u00e9mico 2025 por Resoluci\u00f3n 332\/2024Por la cual se aprueba el calendario acad\u00e9mico, per\u00edodoacad\u00e9mico 2025, en la Facultad de Ciencias [&hellip;]<\/p>\n","protected":false},"author":1,"featured_media":0,"parent":0,"menu_order":0,"comment_status":"closed","ping_status":"closed","template":"","meta":{"site-sidebar-layout":"default","site-content-layout":"","ast-site-content-layout":"default","site-content-style":"default","site-sidebar-style":"default","ast-global-header-display":"","ast-banner-title-visibility":"","ast-main-header-display":"","ast-hfb-above-header-display":"","ast-hfb-below-header-display":"","ast-hfb-mobile-header-display":"","site-post-title":"","ast-breadcrumbs-content":"","ast-featured-img":"","footer-sml-layout":"","ast-disable-related-posts":"","theme-transparent-header-meta":"","adv-header-id-meta":"","stick-header-meta":"","header-above-stick-meta":"","header-main-stick-meta":"","header-below-stick-meta":"","astra-migrate-meta-layouts":"default","ast-page-background-enabled":"default","ast-page-background-meta":{"desktop":{"background-color":"var(--ast-global-color-5)","background-image":"","background-repeat":"repeat","background-position":"center center","background-size":"auto","background-attachment":"scroll","background-type":"","background-media":"","overlay-type":"","overlay-color":"","overlay-opacity":"","overlay-gradient":""},"tablet":{"background-color":"","background-image":"","background-repeat":"repeat","background-position":"center center","background-size":"auto","background-attachment":"scroll","background-type":"","background-media":"","overlay-type":"","overlay-color":"","overlay-opacity":"","overlay-gradient":""},"mobile":{"background-color":"","background-image":"","background-repeat":"repeat","background-position":"center center","background-size":"auto","background-attachment":"scroll","background-type":"","background-media":"","overlay-type":"","overlay-color":"","overlay-opacity":"","overlay-gradient":""}},"ast-content-background-meta":{"desktop":{"background-color":"var(--ast-global-color-4)","background-image":"","background-repeat":"repeat","background-position":"center center","background-size":"auto","background-attachment":"scroll","background-type":"","background-media":"","overlay-type":"","overlay-color":"","overlay-opacity":"","overlay-gradient":""},"tablet":{"background-color":"var(--ast-global-color-4)","background-image":"","background-repeat":"repeat","background-position":"center center","background-size":"auto","background-attachment":"scroll","background-type":"","background-media":"","overlay-type":"","overlay-color":"","overlay-opacity":"","overlay-gradient":""},"mobile":{"background-color":"var(--ast-global-color-4)","background-image":"","background-repeat":"repeat","background-position":"center center","background-size":"auto","background-attachment":"scroll","background-type":"","background-media":"","overlay-type":"","overlay-color":"","overlay-opacity":"","overlay-gradient":""}},"footnotes":""},"class_list":["post-5485","page","type-page","status-publish","hentry"],"_links":{"self":[{"href":"https:\/\/contables.unp.edu.py\/index.php?rest_route=\/wp\/v2\/pages\/5485","targetHints":{"allow":["GET"]}}],"collection":[{"href":"https:\/\/contables.unp.edu.py\/index.php?rest_route=\/wp\/v2\/pages"}],"about":[{"href":"https:\/\/contables.unp.edu.py\/index.php?rest_route=\/wp\/v2\/types\/page"}],"author":[{"embeddable":true,"href":"https:\/\/contables.unp.edu.py\/index.php?rest_route=\/wp\/v2\/users\/1"}],"replies":[{"embeddable":true,"href":"https:\/\/contables.unp.edu.py\/index.php?rest_route=%2Fwp%2Fv2%2Fcomments&post=5485"}],"version-history":[{"count":40,"href":"https:\/\/contables.unp.edu.py\/index.php?rest_route=\/wp\/v2\/pages\/5485\/revisions"}],"predecessor-version":[{"id":7378,"href":"https:\/\/contables.unp.edu.py\/index.php?rest_route=\/wp\/v2\/pages\/5485\/revisions\/7378"}],"wp:attachment":[{"href":"https:\/\/contables.unp.edu.py\/index.php?rest_route=%2Fwp%2Fv2%2Fmedia&parent=5485"}],"curies":[{"name":"wp","href":"https:\/\/api.w.org\/{rel}","templated":true}]}}